Let o = -20 - u. Let y(a) = -2*a - 9. List the prime factors of y(o).
3, 7
Suppose -12*h + 886 = -2798. What are the prime factors of h?
307
Let n(a) = 6*a + 4. Let x(v) = v + 1. Let p(i) = -2*n(i) + 11*x(i). Let j be p(-6). Suppose 0 = -13*b + 14*b - j. List the prime factors of b.
3
Suppose -2*r = -0*r - 2*b + 62, -3*b = -r - 39. Suppose -5*q + 245 = 5*v, 204 = 4*v - q - 3*q. Let n = r + v. List the prime factors of n.
23
What are the prime factors of (48/(-10))/(1/(-45))?
2, 3
Suppose -9 + 1 = -2*r. Let m(t) = 2*t**2 - 4*t - 4. Let a(b) = -b. Let h(u) = -2*a(u) + m(u). List the prime factors of h(r).
2, 5
Let w(g) = -g**3 - 10*g**2 + 11*g - 12. Let j be w(-11). Let n(d) = -d**3 - 12*d**2 - 17*d - 28. What are the prime factors of n(j)?
2, 11
Suppose 2*d - 2*f = 650, 2*f - 1155 = -4*d + 157. What are the prime factors of d?
3, 109
Let i(g) = g**2 - 3*g - 47. List the prime factors of i(15).
7, 19
Let s(v) = -v + 5. Let a be s(2). Suppose -5*n + 1 = -4*f + 13, f - 3 = -a*n. Suppose 16 = f*u + u. What are the prime factors of u?
2
Let a(u) = -u**2 + 39*u - 33. List the prime factors of a(31).
5, 43
Let y = -6 - -12. Let u be (0 + -6)/(y/(-8)). Let p(s) = -s + 11. What are the prime factors of p(u)?
3
Let f be (-1)/(64/60 + -1). Let r = 33 - f. What are the prime factors of r?
2, 3
Suppose 0 = -5*s + 4*q + 193, -3*q = -2*s + 3*s - 31. Suppose -20 = -3*i + s. List the prime factors of i.
19
Suppose 12975 = 5*r - 3*y, 19*y = -3*r + 16*y + 7785. List the prime factors of r.
3, 5, 173
Let w(d) = 113*d - 423. List the prime factors of w(27).
2, 3, 73
Let i be 1/(3 + (-1892)/632). Suppose -4*j + i = -3*r, 3*j - 10 = -3*r + 119. What are the prime factors of j?
41
Suppose -14*h + 23*h - 36 = 0. Suppose -p - 3*t = -185, -h*p = -5*p + 4*t + 185. What are the prime factors of p?
5, 37
Suppose 0 = 3*b + 11*b. Let m(u) = u + 226. What are the prime factors of m(b)?
2, 113
Let a = 2429 + 2314. What are the prime factors of a?
3, 17, 31
Suppose 4*o - 3258 = -2*f, 0 = -14*f + 10*f + 20. List the prime factors of o.
2, 7, 29
Suppose -3*r - 4*s + 587 = 0, 0*r - 4*r = 2*s - 786. What are the prime factors of r?
197
Let x be (-2)/1 - 18/(-6). Let s(q) = -q + 2. Let b be s(x). What are the prime factors of -11*(b + (3 - 6))?
2, 11
Let o be 3/4 - (57/12 + -4). Suppose 5*t + 4*q + o*q = 175, 2*t = -4*q + 70. What are the prime factors of t?
5, 7
List the prime factors of ((-48)/(-40))/((9/11595)/3).
2, 3, 773
Suppose 2*p - 4*q + 26 = -164, 0 = 3*p + 3*q + 312. Let u = p + 167. List the prime factors of u.
2, 3, 11
Let i = 174 - 6. List the prime factors of i.
2, 3, 7
Suppose -2170 = -3*t + 5*m, 8*t - 728 = 7*t - 3*m. What are the prime factors of t?
5, 29
Let x = 4 + 1. Suppose -1 = -4*r + 3*c + 9, -r - x*c + 14 = 0. Let y = 26 - r. What are the prime factors of y?
2, 11
Let s be ((-12)/(-14))/(52/182). List the prime factors of s - 8 - 1*-104.
3, 11
Let k = -56 - -58. Suppose 0 = 4*i + v - 176, -k*v + 94 = 2*i - 0*v. What are the prime factors of i?
43
Suppose -2*j + 10 = -0*m - 2*m, 0 = j - 5. Suppose -r + 62 = 4*t, -5*r - 2*t + 7*t + 185 = m. List the prime factors of r.
2, 3, 7
Let b = -1357 - -2124. List the prime factors of b.
13, 59
Let q(b) = b**3 - 4*b**2 + b + 2. Let a = 5 - 1. Let c be q(a). Suppose -7*n + c*n + 22 = 0. List the prime factors of n.
2, 11
Let m be (-69*(-4)/(-16))/((-3)/40). Suppose -10*d = -12*d + m. List the prime factors of d.
5, 23
Let a be (12 + -11)*(1 - -6). Suppose c - a + 3 = 0. Suppose 3*w - c*b + 7 = 4*w, 2*b - 5 = -w. What are the prime factors of w?
3
Suppose 0 = -s + 2, 4*g - s - 3332 = -1090. List the prime factors of g.
3, 11, 17
What are the prime factors of (6 + (-144)/27)*(-17613)/(-3)?
2, 19, 103
List the prime factors of 90246/60 + (-2)/20.
2, 47
Let z(l) = 2*l**2 - 9*l - 8. Let b(i) = -i - 1. Let k(d) = -6*b(d) + z(d). List the prime factors of k(8).
2, 3, 17
Suppose -2*y = -3*b - 0*y - 6, 5*b = 5*y - 10. Let n(h) = -6*h**3 - 2*h**2 - h - 2. What are the prime factors of n(b)?
2, 5
Let x = -1373 + 2590. List the prime factors of x.
1217
Suppose -2*i = -4*i + 4. Suppose i*m + 3*m = 230. List the prime factors of m.
2, 23
Let y(w) = w**3 - 5*w**2 - 9*w + 2. Suppose -5*r + 20 = -0*r. Suppose -3*t = -r*k - 17, 5*t - 3*k = 3*t + 11. What are the prime factors of y(t)?
37
Suppose 0 = 3*d - 2*m - 228 - 1350, -4*d = -5*m - 2104. Suppose 0 = -2*n - r - 132 + 349, -3*r - d = -5*n. List the prime factors of n.
107
Let f be ((-19)/2)/(5/(-10)). Suppose 4*n - 1 = f. Suppose 9*x - n*x = 100. List the prime factors of x.
5
Let n(o) = -o**2 + o + 1. Let a(m) = -10*m**2 + 21. Let d(b) = -a(b) + 5*n(b). List the prime factors of d(-6).
2, 67
Let y = 59 + -56. Suppose b - y*i - 35 = 0, -33 = 4*b - 4*i - 213. What are the prime factors of b?
2, 5
Suppose -8*p + 589 + 51 = 0. Suppose 78*i + 96 = p*i. List the prime factors of i.
2, 3
Let a be 1 + 26 + 2 + 2. Let l = -28 - -33. Suppose l*o - 4*c - 40 = 0, 4*o - c - a = o. List the prime factors of o.
2, 3
Suppose 0 = -v - v. Suppose 0 = o - 4*j + 11, j - 50 = -5*o - v*j. List the prime factors of (-1)/1 - (-1 - o).
3
Let a = 24 - -16. List the prime factors of ((-1296)/a)/(6/(-20)).
2, 3
What are the prime factors of -8*1 + -91 + 142?
43
Let p(j) = -2*j**3 - 23*j**2 + 20*j + 26. What are the prime factors of p(-14)?
2, 3, 11
Let z be 1*4/((-8)/(-18)). Let w = z - 5. Suppose -3*k + w = -26. What are the prime factors of k?
2, 5
Let d = -15 - -9. List the prime factors of 16/d*(-225)/12.
2, 5
Suppose -3*c = -11*c + 32. Suppose 4*z - 1664 = -c*z. List the prime factors of z.
2, 13
Suppose -6492 = -6*x + 2544. List the prime factors of x.
2, 3, 251
Let n(u) = u**3 - 8*u**2 + 8*u + 7. Let d be n(7). List the prime factors of 133/d - (-2)/4.
2, 5
Suppose 3*o + 5*b - 320 = 164, -2*o + b + 340 = 0. Suppose 3*a - o = 3*m, 7*a - 2*a = -4*m + 325. List the prime factors of a.
61
Let v(z) = -12*z + 5. Let y(a) = -2*a. Let l(j) = -2*v(j) + 14*y(j). Let k be l(-3). Suppose 0 = -k*f + 4 + 118. What are the prime factors of f?
61
Let u(n) = 547*n + 51. Let x be u(-9). What are the prime factors of x/(-32) - 1/4*-3?
3, 17
Suppose 5*r = r + 28. Let m(c) = -7*c**2 - 7*c + 2. Let n(k) = -13*k**2 - 13*k + 4. Let x(q) = r*m(q) - 4*n(q). List the prime factors of x(2).
2
Let x = 65 - 69. What are the prime factors of 6*x/16*356/(-6)?
89
Let u = 3 - -33. Let v = -26 + u. What are the prime factors of v?
2, 5
Let o(b) be the third derivative of -b**4/6 - 5*b**3/2 + 3*b**2. Let t = 5 + -11. What are the prime factors of o(t)?
3
Suppose 2*n = 2*z + 8, -3*z = -0*z + 4*n - 16. Let p(r) = 3*r + 103. List the prime factors of p(z).
103
Let s be -2 + 5 - 2/2. Suppose -s*v + 81 = -45. List the prime factors of v.
3, 7
Let p(w) be the third derivative of w**4/3 - 25*w**3/6 - w**2. What are the prime factors of p(13)?
79
What are the prime factors of (-4)/(-22) - (96520/(-88) - 9)?
2, 7, 79
Suppose 0 = -2*y - y + 171. What are the prime factors of y?
3, 19
Let i be (4/6)/((-2)/(-21)). Let v(c) = c**3 - 8*c**2 + 8*c - 10. Let b be v(i). List the prime factors of (-87)/b + 1 + -3.
3
Let o be 18*(-4)/16*-12. Suppose 0 = 11*c - 2*c - o. List the prime factors of c.
2, 3
Let t = 452 - 302. What are the prime factors of t?
2, 3, 5
Let k be (-2)/8 - (-2493)/36. Let t = 352 - k. List the prime factors of t.
283
Suppose -6904 = -29*u + 346. List the prime factors of u.
2, 5
Let l = -351 + 632. Let o = l - 170. List the prime factors of o.
3, 37
Suppose 116 - 54436 = -16*k. What are the prime factors of k?
5, 7, 97
List the prime factors of 3/(-5) - 15666/(-35).
3, 149
Suppose -c = 5*r - 231, 0 = 4*c + 12 + 4. Let l = r - 18. List the prime factors of l.
29
Let q(d) = -d**2 + 16*d - 4. Let m be (-2)/2 - (-18 - -4). Let f be q(m). Suppose -4*n = n - f. List the prime factors of n.
7
Let y = -9837 - -14345. List the prime factors of y.
2, 7, 23
Suppose -z = t - 2147 - 2291, -t + 4450 = 5*z. Suppose 0 = 5*y - 415 + 40. What are the prime factors of 4/(-30) + t/y?
59
Let k(r) = 3*r - 15. Let d be k(6). Suppose 0 = d*b - 0*b - 2*m - 139, -b - m + 38 = 0. What are the prime factors of b?
43
Suppose 0 = -24*l + 15182 - 3782. What are the prime factors of l?
5, 19
List the prime factors of 68/16 + 4 - (-1)/(-4).
2
Suppose 4*t - 10 = 2. 